53
List the prime factors of 5368234467.
3, 1789411489
List the prime factors of 5830314836.
2, 277, 5262017
What are the prime factors of 76622013?
3, 13, 654889
List the prime factors of 3211107084.
2, 3, 17, 19, 92051
What are the prime factors of 252777874?
2, 41, 3082657
List the prime factors of 63103369.
7, 9014767
What are the prime factors of 119363082?
2, 3, 31, 491, 1307
What are the prime factors of 535990988?
2, 13, 19, 23, 103, 229
List the prime factors of 3295437184.
2, 13, 1980431
What are the prime factors of 276888369?
3, 101, 277, 3299
List the prime factors of 673448917.
103, 1487, 4397
List the prime factors of 5572120492.
2, 8543, 163061
List the prime factors of 35962986.
2, 3, 41, 146191
What are the prime factors of 14074532?
2, 3518633
What are the prime factors of 50126013?
3, 7, 17, 15601
What are the prime factors of 52074967?
7, 23, 181, 1787
List the prime factors of 41910399.
3, 1552237
What are the prime factors of 59828267?
23, 191, 13619
List the prime factors of 19173761.
59, 324979
What are the prime factors of 5344382?
2, 383, 6977
List the prime factors of 79565671.
23, 389, 8893
What are the prime factors of 153783454?
2, 11, 19, 79, 4657
What are the prime factors of 174089356?
2, 7, 888211
What are the prime factors of 1829223668?
2, 457305917
What are the prime factors of 849786726?
2, 3, 43, 79, 173, 241
List the prime factors of 5485676.
2, 7, 107, 1831
What are the prime factors of 34493740?
2, 5, 19, 43, 2111
What are the prime factors of 5125057984?
2, 23, 61, 57077
What are the prime factors of 220289142?
2, 3, 2311, 15887
List the prime factors of 54165771.
3, 11, 49739
List the prime factors of 375598076.
2, 7, 367, 36551
List the prime factors of 2238758025.
3, 5, 7, 1087, 3923
List the prime factors of 173224429.
7, 24746347
What are the prime factors of 71111069?
71111069
What are the prime factors of 2059199978?
2, 11, 3907, 23957
List the prime factors of 9083418.
2, 3, 359, 4217
What are the prime factors of 1693935077?
31, 43, 401, 3169
What are the prime factors of 4367108320?
2, 5, 461, 59207
What are the prime factors of 317108838?
2, 3, 107, 493939
What are the prime factors of 964473168?
2, 3, 23, 873617
List the prime factors of 1395544393.
1395544393
List the prime factors of 141494025.
3, 5, 977, 1931
List the prime factors of 1179739163.
28817, 40939
What are the prime factors of 27680132?
2, 23, 43, 6997
What are the prime factors of 31933566?
2, 3, 7, 19, 13339
List the prime factors of 8989318.
2, 13, 19, 31, 587
List the prime factors of 458160056.
2, 57270007
List the prime factors of 878226310.
2, 5, 13, 101, 211, 317
What are the prime factors of 2811800564?
2, 31, 1549, 14639
What are the prime factors of 362687450?
2, 5, 199, 36451
What are the prime factors of 2032005132?
2, 3, 193, 292459
List the prime factors of 2064318008.
2, 258039751
What are the prime factors of 290423697?
3, 137, 277, 2551
What are the prime factors of 143471008?
2, 59, 75991
List the prime factors of 60108210.
2, 3, 5, 19, 11717
List the prime factors of 2363351.
557, 4243
What are the prime factors of 80105144?
2, 7, 41, 139, 251
What are the prime factors of 275937914?
2, 7, 17, 89, 1861
List the prime factors of 1076124589.
1076124589
List the prime factors of 69461028.
2, 3, 7, 13, 233
What are the prime factors of 540792637?
7, 11, 173, 40597
What are the prime factors of 280125948?
2, 3, 191, 122219
What are the prime factors of 1127697600?
2, 3, 5, 239, 983
List the prime factors of 2555592116.
2, 7, 11, 17, 44371
List the prime factors of 142252826.
2, 71126413
List the prime factors of 3085374441.
3, 4049, 254003
What are the prime factors of 20124391?
7, 1039, 2767
List the prime factors of 1118123923.
7, 139, 1149151
List the prime factors of 2139310278.
2, 3, 7, 107, 653
What are the prime factors of 10934936?
2, 23, 67, 887
List the prime factors of 6955166177.
71, 73, 1341919
What are the prime factors of 3107070374?
2, 113, 13748099
What are the prime factors of 70432370?
2, 5, 7043237
List the prime factors of 246177566.
2, 19, 2411, 2687
What are the prime factors of 735262835?
5, 17, 8650151
List the prime factors of 2551767399.
3, 283529711
What are the prime factors of 370969577?
11, 33724507
What are the prime factors of 205631329?
205631329
What are the prime factors of 396044893?
396044893
List the prime factors of 1598346712.
2, 199793339
What are the prime factors of 92713404?
2, 3, 7, 293, 3767
List the prime factors of 244279686.
2, 3, 7, 5816183
List the prime factors of 78965930.
2, 5, 7896593
What are the prime factors of 2592114188?
2, 79, 8202893
What are the prime factors of 45427338?
2, 3, 11, 31, 2467
List the prime factors of 9760422.
2, 3, 7, 232391
List the prime factors of 53738000.
2, 5, 97, 277
What are the prime factors of 3155719854?
2, 3, 7, 29, 359, 1031
What are the prime factors of 41983410?
2, 3, 5, 7, 199921
List the prime factors of 18794356.
2, 7, 199, 3373
List the prime factors of 730852193.
730852193
List the prime factors of 1698088042.
2, 7, 353621
What are the prime factors of 815239105?
5, 1213, 134417
List the prime factors of 1037352259.
571, 1816729
List the prime factors of 2040775644.
2, 3, 170064637
What are the prime factors of 839086209?
3, 13, 796853
What are the prime factors of 787635721?
17, 61, 83, 9151
What are the prime factors of 579479806?
2, 289739903
What are the prime factors of 7246560238?
2, 3623280119
List the prime factors of 126042577.
5407, 23311
List the prime factors of 207706326.
2, 3, 79, 311, 1409
What are the prime factors of 40662661?
13, 47, 61, 1091
List the prime factors of 437581983.
3, 4591, 31771
What are the prime factors of 19755221?
19755221
List the prime factors of 225866151.
3, 7, 398353
List the prime factors of 99621933.
3, 33207311
List the prime factors of 4994416980.
2, 3, 5, 7, 191, 20753
What are the prime factors of 289313057?
11, 19, 61, 2063
What are the prime factors of 57823147?
797, 72551
List the prime factors of 82385368.
2, 13, 19, 173, 241
List the prime factors of 4325113393.
19, 227637547
What are the prime factors of 1185801211?
7, 47, 331, 10889
List the prime factors of 76814075.
5, 13, 17, 13903
List the prime factors of 56505648.
2, 3, 1177201
What are the prime factors of 60268725?
3, 5, 11, 8117
List the prime factors of 19086953.
79, 359, 673
List the prime factors of 183652004.
2, 45913001
List the prime factors of 63280132.
2, 1949, 8117
What are the prime factors of 666707046?
2, 3, 111117841
What are the prime factors of 24671180?
2, 5, 23, 53633
What are the prime factors of 666445014?
2, 3, 83, 446081
List the prime factors of 1271406539.
13, 67, 1459709
List the prime factors of 2894158940.
2, 5, 144707947
List the prime factors of 31466803.
41, 421, 1823
What are the prime factors of 294987168?
2, 3, 7, 146323
What are the prime factors of 26367685?
5, 5273537
What are the prime factors of 61384098?
2, 3, 19, 538457
List the prime factors of 1404179764.
2, 13, 2077189
What are the prime factors of 14335476?
2, 3, 509, 2347
List the prime factors of 1512351497.
1512351497
What are the prime factors of 54976471?
11, 454351
What are the prime factors of 42965775?
3, 5, 53, 1201
What are the prime factors of 1105514578?
2, 7, 11280761
What are the prime factors of 211547904?
2, 3, 275453
List the prime factors of 1790136798.
2, 3, 53, 139, 40499
What are the prime factors of 1039099664?
2, 19, 31, 110261
List the prime factors of 38054761.
257, 148073
What are the prime factors of 3392115469?
40577, 83597
What are the prime factors of 3495678082?
2, 13, 37, 431, 8431
List the prime factors of 10053337.
7, 19, 269, 281
What are the prime factors of 259642896?
2, 3, 73, 74099
List the prime factors of 3079002712.
2, 47, 97, 84421
What are the prime factors of 7605745?
5, 7, 217307
List the prime factors of 1388849466.
2, 3, 231474911
What are the prime factors of 5366429330?
2, 5, 373, 1438721
List the prime factors of 1880257005.
3, 5, 11, 19, 199921
List the prime factors of 750649911.
3, 11, 353, 64439
List the prime factors of 86739606.
2, 3, 1606289
What are the prime factors of 553283665?
5, 11, 10059703
What are the prime factors of 8152390?
2, 5, 59